5, what is 131441 + 4?
132000
In base 8, what is 1360732 - 0?
1360732
In base 10, what is -24 + 431?
407
In base 6, what is 111 + -10252?
-10141
In base 7, what is 161346 - -4?
161353
In base 9, what is -3 + -17518?
-17522
In base 16, what is -3 + -28616?
-28619
In base 15, what is -3 + 24800?
247ec
In base 6, what is 0 - -1030431?
1030431
In base 8, what is -2 + -4523721?
-4523723
In base 5, what is 122422 - -4440?
132412
In base 11, what is 217185 + 2?
217187
In base 14, what is 15 - 7363?
-734c
In base 6, what is -1 - -53011?
53010
In base 5, what is 20 - -14443340?
14443410
In base 4, what is -231110 + 1201?
-223303
In base 15, what is -2 - 7117?
-7119
In base 4, what is 0 - 101212010?
-101212010
In base 4, what is 20023010133 - 0?
20023010133
In base 15, what is -315 + 7d?
-287
In base 2, what is 10 + 111101011100010?
111101011100100
In base 10, what is -15 + -4449?
-4464
In base 9, what is 12 - 16330?
-16317
In base 5, what is -12432 - 2?
-12434
In base 7, what is 4 + -10525?
-10521
In base 8, what is 165 - -3250?
3435
In base 10, what is 9576 - 4?
9572
In base 6, what is -205 - -20315?
20110
In base 16, what is -2614 + -1?
-2615
In base 8, what is -4247 - 353?
-4622
In base 11, what is 7721 - -41?
7762
In base 3, what is 112 - 1121000001?
-1120222112
In base 3, what is 21122110 + -101?
21122002
In base 7, what is 5 - -625231?
625236
In base 7, what is 41330 - 5?
41322
In base 7, what is -506313 + 0?
-506313
In base 5, what is 102422 + 11130?
114102
In base 2, what is -1001111101 + 1100010100010?
1011000100101
In base 12, what is -48 - 419?
-465
In base 14, what is 118 - 96?
62
In base 10, what is 79 + 1134?
1213
In base 12, what is -4 + 1b7484?
1b7480
In base 11, what is -a54 - -901?
-153
In base 15, what is -2a14 + -c?
-2a21
In base 6, what is -131553 - -12?
-131541
In base 14, what is -32c1 + c?
-32b3
In base 9, what is 103 - -3261?
3364
In base 5, what is 2311 + 4?
2320
In base 12, what is -19a8a3 - 9?
-19a8b0
In base 16, what is -e + 16cdc?
16cce
In base 7, what is -16523 - -13?
-16510
In base 16, what is -36 - 177?
-1ad
In base 6, what is 332 - 2040?
-1304
In base 9, what is -472048 - -1?
-472047
In base 7, what is -4 - -1261414?
1261410
In base 6, what is -220 + -330020?
-330240
In base 11, what is 26885 - -1?
26886
In base 8, what is 3 - 456746?
-456743
In base 10, what is -22614 - 4?
-22618
In base 3, what is 2212000202 + 12?
2212000221
In base 8, what is 753376 - 6?
753370
In base 2, what is -110011 - 100111100?
-101101111
In base 9, what is 12750 - 2?
12747
In base 11, what is -27a624 - -4?
-27a620
In base 5, what is 24211312 + -21?
24211241
In base 2, what is 11000000 + -10011001?
100111
In base 7, what is -1016461 - -12?
-1016446
In base 13, what is 32b98 - -2?
32b9a
In base 7, what is 214403 + -6?
214364
In base 13, what is 46016 - -5?
4601b
In base 5, what is 4 + -1013441?
-1013432
In base 13, what is 24 + -2267?
-2243
In base 11, what is -60 + 41a6?
4146
In base 7, what is -12560 + 354?
-12203
In base 11, what is -203 + -615?
-818
In base 4, what is 130 - -210331031?
210331221
In base 10, what is -87 + -2959?
-3046
In base 4, what is 10 - 13211133?
-13211123
In base 10, what is 42 + 1014?
1056
In base 14, what is -1 - -1199b?
1199a
In base 14, what is 2d - 101a?
-dcb
In base 6, what is -3 - -352312?
352305
In base 12, what is 77a - -83?
841
In base 13, what is -1562 + 4?
-155b
In base 2, what is 1001001010010110010 + 100?
1001001010010110110
In base 9, what is 5 + 743274?
743280
In base 14, what is 25c + 239?
497
In base 11, what is -185 - -6393?
6209
In base 14, what is -20 + -7182?
-71a2
In base 5, what is -10 + -113302233?
-113302243
In base 3, what is -100221121 + 22?
-100221022
In base 2, what is 101100100000101100 + -1?
101100100000101011
In base 12, what is 1 + -1b4339?
-1b4338
In base 15, what is -5 + -1625?
-162a
In base 11, what is 5 + 12609a?
1260a4
In base 5, what is -4211241 - -13?
-4211223
In base 4, what is 32331 - -103?
33100
In base 11, what is 1 - 1a179?
-1a178
In base 11, what is a - -3a5?
404
In base 14, what is -2 + 1453b6?
1453b4
In base 9, what is 5 - -272035?
272041
In base 14, what is 4 + 1695?
1699
In base 3, what is 12100 - 2100012?
-2010212
In base 12, what is 27 - 302?
-297
In base 8, what is -2371 - -213?
-2156
In base 9, what is 27 + 4506?
4534
In base 7, what is -20656 - -12?
-20644
In base 14, what is 4ad2 + 4?
4ad6
In base 11, what is 10a + 2?
111
In base 5, what is -2 - 234331?
-234333
In base 7, what is -1631 + -41?
-2002
In base 15, what is 1e8a - -14?
1e9e
In base 16, what is -7f6e + 13?
-7f5b
In base 8, what is 5 - 5375153?
-5375146
In base 9, what is 22 - 61201?
-61168
In base 13, what is 75a + -42?
718
In base 12, what is -3 + -69a90?
-69a93
In base 8, what is 144474 + -1?
144473
In base 6, what is 20555 + 2005?
23004
In base 12, what is 0 + -299a1?
-299a1
In base 9, what is -1 - -1223?
1222
In base 2, what is 1001111 - 101010010001?
-101001000010
In base 15, what is -e766 + 5?
-e761
In base 5, what is 4 + 140242242?
140242301
In base 8, what is -16300707 - 3?
-16300712
In base 15, what is -19ee - -1c?
-19d2
In base 9, what is -210 - -237?
27
In base 5, what is 0 + 1000022?
1000022
In base 5, what is -10 - 2302431?
-2302441
In base 4, what is 1133320013 - 11?
1133320002
In base 12, what is 0 + 355830?
355830
In base 5, what is -21 - 203310?
-203331
In base 3, what is 0 + -110210002?
-110210002
In base 10, what is 5 + 898238?
898243
In base 5, what is -4 - 2030041?
-2030100
In base 13, what is -4 + 2c29?
2c25
In base 5, what is 0 - -22142101?
22142101
In base 12, what is -376 - b60?
-1316
In base 11, what is 87 + -202?
-126
In base 12, what is 61 + -1903?
-1862
In base 6, what is -44 - 32143?
-32231
In base 12, what is 4 + 101235?
101239
In base 5, what is 3124132 + 0?
3124132
In base 7, what is -56655 + 3?
-56652
In base 7, what is -33143 + -1231?
-34404
In base 15, what is -309b - b?
-30a7
In base 5, what is -13334124 - -4?
-13334120
In base 12, what is -3538 + -a?
-3546
In base 13, what is 4 - 20375?
-20371
In base 11, what is 19 - -48768?
48786
In base 2, what is -11111000 + -1111111011?
-10011110011
In base 16, what is -6e7d + 0?
-6e7d
In base 6, what is 133 - 2421312?
-2421135
In base 13, what is 2 + 45841?
45843
In base 11, what is 2 + 345672?
345674
In base 2, what is -100 + 1111110101000?
1111110100100
In base 4, what is 202021203 - -2?
202021211
In base 10, what is 6 - 13314?
-13308
In base 3, what is -10002001 + -22211?
-10101212
In base 2, what is -1111111011 - 10101?
-10000010000
In base 13, what is 2034 + a?
2041
In base 3, what is -12 - 1020100100?
-1020100112
In base 10, what is -4 + 25469?
25465
In base 11, what is 4 + -58481?
-58478
In base 7, what is 0 - 16635?
-16635
In base 7, what is 1610033 - -1?
1610034
In base 2, what is 101 - 11110010111101?
-11110010111000
In base 11, what is 4 + -536?
-532
In base 8, what is -4 - 1013446?
-1013452
In base 2, what is -1101111101100 + 101?
-1101111100111
In base 4, what is -23 + -22013113?
-22013202
In base 16, what is -fe - 1c83?
-1d81
In base 9, what is -4006 - -22?
-3874
In base 9, what is -1 - -885086?
885085
In base 6, what is -51405 + -34?
-51443
In base 4, what is -20100 - 32?
-20132
In base 9, what is 42625 + -17?
42607
In base 2, what is -100011101100001110 + -100?
-100011101100010010
In base 4, what is 3112020313 - 0?
3112020313
In base 10, what is 1 - -150428?
150429
In base 13, what is 2642 + 20?
2662
In base 3, what is 11000020 + 120?
11000210
In base 14, what is 5 + 6836?
683b
In base 8, what is -665 - 132?
-1017
In base 7, what is 45 + -4511?
-4433
In base 3, what is -2122 - 22?
-2221
In base 10, what is 89 - -46?
135
In base 9, what is -1 - 165472?
-165473
In base 8, what is 3600 - -23?
3623
In base 2, what is 11 - 111111110000?
-111111101101
In base 6, what is -350 - -4325?
3535
In base 9, what is -1132 - 288?
-1431
In base 3, what is -10 - -2201111100?
2201111020
In base 12, what is -4600 - -50?
-4570
In base 7, what is -1 - 663015?
-663016
In base 3, what is 12 + 12201211?
12202000
In base 15, what is 5 + 3e04?
3e09
In base 16, what is 693 + -6?
68d
In base 15, what is 6c62 + 3?
6c65
In base 6, what is 1251200100 - 5?
1251200051
In base 15, what is -4 - -158d?
1589
In base 9, what is -84125 + 2?
-841